{"id":218,"date":"2021-05-11T14:37:19","date_gmt":"2021-05-11T14:37:19","guid":{"rendered":"http:\/\/themes.tielabs.com\/sahifa5\/?page_id=218"},"modified":"2022-07-11T19:16:46","modified_gmt":"2022-07-11T19:16:46","slug":"boxes","status":"publish","type":"page","link":"https:\/\/revistacongresodigital.com\/?page_id=218","title":{"rendered":"Inducci\u00f3n general"},"content":{"rendered":"\t\t<div data-elementor-type=\"wp-page\" data-elementor-id=\"218\" class=\"elementor elementor-218\">\n\t\t\t\t\t\t<section class=\"elementor-section elementor-top-section elementor-element elementor-element-7da75967 elementor-section-boxed elementor-section-height-default elementor-section-height-default\" data-id=\"7da75967\" data-element_type=\"section\" data-e-type=\"section\">\n\t\t\t\t\t\t<div class=\"elementor-container elementor-column-gap-default\">\n\t\t\t\t\t<div class=\"elementor-column elementor-col-100 elementor-top-column elementor-element elementor-element-d0bb4df\" data-id=\"d0bb4df\" data-element_type=\"column\" data-e-type=\"column\">\n\t\t\t<div class=\"elementor-widget-wrap elementor-element-populated\">\n\t\t\t\t\t\t<div class=\"elementor-element elementor-element-642440d0 elementor-widget elementor-widget-text-editor\" data-id=\"642440d0\" data-element_type=\"widget\" data-e-type=\"widget\" data-widget_type=\"text-editor.default\">\n\t\t\t\t<div class=\"elementor-widget-container\">\n\t\t\t\t\t\t\t\t\t<p class=\"sppb-addon-title\"><span style=\"font-size: 16px;\">El <\/span><a style=\"font-size: 16px;\" href=\"https:\/\/senado.gov.co\/index.php\/documentos\/el-senado\/area-administrativa\/division-de-recursos-humanos\/seleccion-y-capacitacion\/3497-manaul-de-induccion\/file\" target=\"_blank\" rel=\"noopener\">Manual de Inducci\u00f3n y Reinducci\u00f3n<\/a><span style=\"font-size: 16px;\"> es una herramienta b\u00e1sica, para la\u00a0 orientaci\u00f3n\u00a0 del Servidor P\u00fablico,\u00a0 en la\u00a0 cultura\u00a0 organizacional de la entidad, que permite\u00a0 el\u00a0 desarrollo\u00a0 de\u00a0\u00a0 habilidades\u00a0\u00a0 gerenciales, adem\u00e1s\u00a0 del conocimiento de la funci\u00f3n p\u00fablica y de la instituci\u00f3n. <\/span><\/p>\n<p class=\"sppb-addon-title\">A trav\u00e9s de este documento, usted podr\u00e1 encontrar la\u00a0 NORMATIVIDAD (<a style=\"font-size: 16px;\" href=\"https:\/\/senado.gov.co\/images\/Archivospdf\/elsenado\/Normatividad\/Induccion\/FUNDAMENTACIN_NORMATIVA.pdf\" target=\"_blank\" rel=\"noopener noreferrer\">Fundamentaci\u00f3n normativa<\/a><span style=\"font-size: 16px;\">,\u00a0<\/span><a style=\"font-size: 16px;\" href=\"https:\/\/senado.gov.co\/images\/Archivospdf\/elsenado\/Normatividad\/Induccion\/RES__009_17_abril_1995.pdf\" target=\"_blank\" rel=\"noopener noreferrer\">Resoluci\u00f3n 009 del 17 de abril de 1995<\/a><span style=\"font-size: 16px;\">\u00a0y\u00a0<\/span><a style=\"font-size: 16px;\" href=\"https:\/\/senado.gov.co\/images\/Archivospdf\/elsenado\/Normatividad\/Induccion\/resolucion_237_de_1992.pdf\" target=\"_blank\" rel=\"noopener noreferrer\">Resoluci\u00f3n 237 del 16 de julio de 1992<\/a><span style=\"font-size: 16px;\">)\u00a0 que\u00a0 sustenta\u00a0\u00a0 el\u00a0\u00a0 accionar\u00a0 del\u00a0\u00a0 Senado\u00a0 de\u00a0\u00a0 la\u00a0\u00a0 Rep\u00fablica,\u00a0 con\u00a0 el prop\u00f3sito\u00a0 que\u00a0 las conozca,\u00a0 actualizarlo cuando se requiera\u00a0 y\u00a0\u00a0 velar\u00a0 por\u00a0 el\u00a0 cumplimiento de las mismas\u00a0<\/span><\/p>\n\n<figure class=\"wp-block-embed is-type-video is-provider-youtube wp-block-embed-youtube wp-embed-aspect-16-9 wp-has-aspect-ratio\">\n<div class=\"wp-block-embed__wrapper\">https:\/\/youtu.be\/ID0XLDvNvkY<\/div>\n<\/figure>\n\t\t\t\t\t\t\t\t<\/div>\n\t\t\t\t<\/div>\n\t\t\t\t\t<\/div>\n\t\t<\/div>\n\t\t\t\t\t<\/div>\n\t\t<\/section>\n\t\t\t\t<\/div>\n\t\t","protected":false},"excerpt":{"rendered":"<p>El Manual de Inducci\u00f3n y Reinducci\u00f3n es una herramienta b\u00e1sica, para la\u00a0 orientaci\u00f3n\u00a0 del Servidor P\u00fablico,\u00a0 en la\u00a0 cultura\u00a0 organizacional de la entidad, que permite\u00a0 el\u00a0 desarrollo\u00a0 de\u00a0\u00a0 habilidades\u00a0\u00a0 gerenciales,&hellip; <\/p>\n","protected":false},"author":3,"featured_media":0,"parent":0,"menu_order":0,"comment_status":"closed","ping_status":"closed","template":"","meta":{"footnotes":""},"class_list":["post-218","page","type-page","status-publish","hentry"],"yoast_head":"<!-- This site is optimized with the Yoast SEO plugin v27.3 - https:\/\/yoast.com\/product\/yoast-seo-wordpress\/ -->\n<title>Inducci\u00f3n general - Revista Congreso Digital<\/title>\n<meta name=\"robots\" content=\"index, follow, max-snippet:-1, max-image-preview:large, max-video-preview:-1\" \/>\n<link rel=\"canonical\" href=\"https:\/\/www.revistacongresodigital.com\/?page_id=218\" \/>\n<meta property=\"og:locale\" content=\"es_ES\" \/>\n<meta property=\"og:type\" content=\"article\" \/>\n<meta property=\"og:title\" content=\"Inducci\u00f3n general - Revista Congreso Digital\" \/>\n<meta property=\"og:description\" content=\"El Manual de Inducci\u00f3n y Reinducci\u00f3n es una herramienta b\u00e1sica, para la\u00a0 orientaci\u00f3n\u00a0 del Servidor P\u00fablico,\u00a0 en la\u00a0 cultura\u00a0 organizacional de la entidad, que permite\u00a0 el\u00a0 desarrollo\u00a0 de\u00a0\u00a0 habilidades\u00a0\u00a0 gerenciales,&hellip;\" \/>\n<meta property=\"og:url\" content=\"https:\/\/www.revistacongresodigital.com\/?page_id=218\" \/>\n<meta property=\"og:site_name\" content=\"Revista Congreso Digital\" \/>\n<meta property=\"article:modified_time\" content=\"2022-07-11T19:16:46+00:00\" \/>\n<meta name=\"twitter:card\" content=\"summary_large_image\" \/>\n<meta name=\"twitter:label1\" content=\"Tiempo de lectura\" \/>\n\t<meta name=\"twitter:data1\" content=\"1 minuto\" \/>\n<script type=\"application\/ld+json\" class=\"yoast-schema-graph\">{\"@context\":\"https:\\\/\\\/schema.org\",\"@graph\":[{\"@type\":\"WebPage\",\"@id\":\"https:\\\/\\\/www.revistacongresodigital.com\\\/?page_id=218\",\"url\":\"https:\\\/\\\/www.revistacongresodigital.com\\\/?page_id=218\",\"name\":\"Inducci\u00f3n general - Revista Congreso Digital\",\"isPartOf\":{\"@id\":\"https:\\\/\\\/www.revistacongresodigital.com\\\/#website\"},\"datePublished\":\"2021-05-11T14:37:19+00:00\",\"dateModified\":\"2022-07-11T19:16:46+00:00\",\"breadcrumb\":{\"@id\":\"https:\\\/\\\/www.revistacongresodigital.com\\\/?page_id=218#breadcrumb\"},\"inLanguage\":\"es\",\"potentialAction\":[{\"@type\":\"ReadAction\",\"target\":[\"https:\\\/\\\/www.revistacongresodigital.com\\\/?page_id=218\"]}]},{\"@type\":\"BreadcrumbList\",\"@id\":\"https:\\\/\\\/www.revistacongresodigital.com\\\/?page_id=218#breadcrumb\",\"itemListElement\":[{\"@type\":\"ListItem\",\"position\":1,\"name\":\"Portada\",\"item\":\"https:\\\/\\\/www.revistacongresodigital.com\\\/\"},{\"@type\":\"ListItem\",\"position\":2,\"name\":\"Inducci\u00f3n general\"}]},{\"@type\":\"WebSite\",\"@id\":\"https:\\\/\\\/www.revistacongresodigital.com\\\/#website\",\"url\":\"https:\\\/\\\/www.revistacongresodigital.com\\\/\",\"name\":\"Revista Congreso Digital\",\"description\":\"Revista Congreso Digital\",\"publisher\":{\"@id\":\"https:\\\/\\\/www.revistacongresodigital.com\\\/#organization\"},\"potentialAction\":[{\"@type\":\"SearchAction\",\"target\":{\"@type\":\"EntryPoint\",\"urlTemplate\":\"https:\\\/\\\/www.revistacongresodigital.com\\\/?s={search_term_string}\"},\"query-input\":{\"@type\":\"PropertyValueSpecification\",\"valueRequired\":true,\"valueName\":\"search_term_string\"}}],\"inLanguage\":\"es\"},{\"@type\":\"Organization\",\"@id\":\"https:\\\/\\\/www.revistacongresodigital.com\\\/#organization\",\"name\":\"Revista Congreso Digital\",\"url\":\"https:\\\/\\\/www.revistacongresodigital.com\\\/\",\"logo\":{\"@type\":\"ImageObject\",\"inLanguage\":\"es\",\"@id\":\"https:\\\/\\\/www.revistacongresodigital.com\\\/#\\\/schema\\\/logo\\\/image\\\/\",\"url\":\"https:\\\/\\\/revistacongresodigital.com\\\/wp-content\\\/uploads\\\/2022\\\/03\\\/cropped-FIRMA-JP-e1648679804884.png\",\"contentUrl\":\"https:\\\/\\\/revistacongresodigital.com\\\/wp-content\\\/uploads\\\/2022\\\/03\\\/cropped-FIRMA-JP-e1648679804884.png\",\"width\":512,\"height\":512,\"caption\":\"Revista Congreso Digital\"},\"image\":{\"@id\":\"https:\\\/\\\/www.revistacongresodigital.com\\\/#\\\/schema\\\/logo\\\/image\\\/\"}}]}<\/script>\n<!-- \/ Yoast SEO plugin. -->","yoast_head_json":{"title":"Inducci\u00f3n general - Revista Congreso Digital","robots":{"index":"index","follow":"follow","max-snippet":"max-snippet:-1","max-image-preview":"max-image-preview:large","max-video-preview":"max-video-preview:-1"},"canonical":"https:\/\/www.revistacongresodigital.com\/?page_id=218","og_locale":"es_ES","og_type":"article","og_title":"Inducci\u00f3n general - Revista Congreso Digital","og_description":"El Manual de Inducci\u00f3n y Reinducci\u00f3n es una herramienta b\u00e1sica, para la\u00a0 orientaci\u00f3n\u00a0 del Servidor P\u00fablico,\u00a0 en la\u00a0 cultura\u00a0 organizacional de la entidad, que permite\u00a0 el\u00a0 desarrollo\u00a0 de\u00a0\u00a0 habilidades\u00a0\u00a0 gerenciales,&hellip;","og_url":"https:\/\/www.revistacongresodigital.com\/?page_id=218","og_site_name":"Revista Congreso Digital","article_modified_time":"2022-07-11T19:16:46+00:00","twitter_card":"summary_large_image","twitter_misc":{"Tiempo de lectura":"1 minuto"},"schema":{"@context":"https:\/\/schema.org","@graph":[{"@type":"WebPage","@id":"https:\/\/www.revistacongresodigital.com\/?page_id=218","url":"https:\/\/www.revistacongresodigital.com\/?page_id=218","name":"Inducci\u00f3n general - Revista Congreso Digital","isPartOf":{"@id":"https:\/\/www.revistacongresodigital.com\/#website"},"datePublished":"2021-05-11T14:37:19+00:00","dateModified":"2022-07-11T19:16:46+00:00","breadcrumb":{"@id":"https:\/\/www.revistacongresodigital.com\/?page_id=218#breadcrumb"},"inLanguage":"es","potentialAction":[{"@type":"ReadAction","target":["https:\/\/www.revistacongresodigital.com\/?page_id=218"]}]},{"@type":"BreadcrumbList","@id":"https:\/\/www.revistacongresodigital.com\/?page_id=218#breadcrumb","itemListElement":[{"@type":"ListItem","position":1,"name":"Portada","item":"https:\/\/www.revistacongresodigital.com\/"},{"@type":"ListItem","position":2,"name":"Inducci\u00f3n general"}]},{"@type":"WebSite","@id":"https:\/\/www.revistacongresodigital.com\/#website","url":"https:\/\/www.revistacongresodigital.com\/","name":"Revista Congreso Digital","description":"Revista Congreso Digital","publisher":{"@id":"https:\/\/www.revistacongresodigital.com\/#organization"},"potentialAction":[{"@type":"SearchAction","target":{"@type":"EntryPoint","urlTemplate":"https:\/\/www.revistacongresodigital.com\/?s={search_term_string}"},"query-input":{"@type":"PropertyValueSpecification","valueRequired":true,"valueName":"search_term_string"}}],"inLanguage":"es"},{"@type":"Organization","@id":"https:\/\/www.revistacongresodigital.com\/#organization","name":"Revista Congreso Digital","url":"https:\/\/www.revistacongresodigital.com\/","logo":{"@type":"ImageObject","inLanguage":"es","@id":"https:\/\/www.revistacongresodigital.com\/#\/schema\/logo\/image\/","url":"https:\/\/revistacongresodigital.com\/wp-content\/uploads\/2022\/03\/cropped-FIRMA-JP-e1648679804884.png","contentUrl":"https:\/\/revistacongresodigital.com\/wp-content\/uploads\/2022\/03\/cropped-FIRMA-JP-e1648679804884.png","width":512,"height":512,"caption":"Revista Congreso Digital"},"image":{"@id":"https:\/\/www.revistacongresodigital.com\/#\/schema\/logo\/image\/"}}]}},"_links":{"self":[{"href":"https:\/\/revistacongresodigital.com\/index.php?rest_route=\/wp\/v2\/pages\/218","targetHints":{"allow":["GET"]}}],"collection":[{"href":"https:\/\/revistacongresodigital.com\/index.php?rest_route=\/wp\/v2\/pages"}],"about":[{"href":"https:\/\/revistacongresodigital.com\/index.php?rest_route=\/wp\/v2\/types\/page"}],"author":[{"embeddable":true,"href":"https:\/\/revistacongresodigital.com\/index.php?rest_route=\/wp\/v2\/users\/3"}],"replies":[{"embeddable":true,"href":"https:\/\/revistacongresodigital.com\/index.php?rest_route=%2Fwp%2Fv2%2Fcomments&post=218"}],"version-history":[{"count":7,"href":"https:\/\/revistacongresodigital.com\/index.php?rest_route=\/wp\/v2\/pages\/218\/revisions"}],"predecessor-version":[{"id":2108,"href":"https:\/\/revistacongresodigital.com\/index.php?rest_route=\/wp\/v2\/pages\/218\/revisions\/2108"}],"wp:attachment":[{"href":"https:\/\/revistacongresodigital.com\/index.php?rest_route=%2Fwp%2Fv2%2Fmedia&parent=218"}],"curies":[{"name":"wp","href":"https:\/\/api.w.org\/{rel}","templated":true}]}}