{"id":203,"date":"2022-02-24T16:05:08","date_gmt":"2022-02-24T16:05:08","guid":{"rendered":"http:\/\/themes.tielabs.com\/sahifa5\/?page_id=203"},"modified":"2022-04-12T19:31:17","modified_gmt":"2022-04-12T19:31:17","slug":"best-reviews","status":"publish","type":"page","link":"https:\/\/revistacongresodigital.com\/?page_id=203","title":{"rendered":"Constituci\u00f3n Pol\u00edtica de 1991"},"content":{"rendered":"\t\t<div data-elementor-type=\"wp-page\" data-elementor-id=\"203\" class=\"elementor elementor-203\">\n\t\t\t\t\t\t<section class=\"elementor-section elementor-top-section elementor-element elementor-element-2c500d2e elementor-section-boxed elementor-section-height-default elementor-section-height-default\" data-id=\"2c500d2e\" data-element_type=\"section\" data-e-type=\"section\">\n\t\t\t\t\t\t<div class=\"elementor-container elementor-column-gap-default\">\n\t\t\t\t\t<div class=\"elementor-column elementor-col-100 elementor-top-column elementor-element elementor-element-dcc590e\" data-id=\"dcc590e\" data-element_type=\"column\" data-e-type=\"column\">\n\t\t\t<div class=\"elementor-widget-wrap elementor-element-populated\">\n\t\t\t\t\t\t<div class=\"elementor-element elementor-element-28013bd9 elementor-widget elementor-widget-text-editor\" data-id=\"28013bd9\" data-element_type=\"widget\" data-e-type=\"widget\" data-widget_type=\"text-editor.default\">\n\t\t\t\t<div class=\"elementor-widget-container\">\n\t\t\t\t\t\t\t\t\t\n<p>Ante la necesidad de reformar la Constituci\u00f3n de 1886 un grupo de estudiantes universitarios realiz\u00f3 un plebiscito en 1990. Este fue aprobado y se dispuso la conformaci\u00f3n democr\u00e1tica de la Asamblea Constituyente, integrada por diferentes fuerzas (estudiantes, ind\u00edgenas, guerrilleros reinsertados, liberales, conservadores, etc.).<\/p>\n\n\n\n<p>De la Asamblea Constituyente surge la Constituci\u00f3n Pol\u00edtica de Colombia 1991 en la cual la participaci\u00f3n ciudadana, el respeto por los derechos fundamentales y la consolidaci\u00f3n de la tradici\u00f3n democr\u00e1tica de Colombia ganaron espacios.<\/p>\n\n\n\n<p>Dentro de un inocultable progreso material y con una econom\u00eda m\u00e1s saludable que la de sus vecinos, a pesar del paramilitarismo y la guerrilla, en los \u00faltimos a\u00f1os Colombia se muestra como un pa\u00eds notablemente integrado, diversificado e inteligente en el manejo de sus recursos, con admirable capacidad para lograr sutiles equilibrios en las m\u00e1s dif\u00edciles crisis, pero todav\u00eda distante de resolverlas. Hoy en d\u00eda prosiguen enfrentamientos entre militares, paramilitares y guerrillas en ciertas regiones, sin demasiado riesgo a la poblaci\u00f3n civil de las ciudades, pero es innegable que esto genera desplazados y muertos entre la poblaci\u00f3n civil del campo. Tambi\u00e9n se adelanta una lucha pat\u00e9tica contra los productores y exportadores de droga, en la que han muerto centenares de jueces, varios ministros, varios candidatos presidenciales y millares de civiles y polic\u00edas.<\/p>\n\n\n\n<p>Los \u00faltimos gobiernos han reconocido la necesidad de apertura a la participaci\u00f3n pol\u00edtica de los grupos disidentes, y la han intentado con \u00e9xito parcial. La nueva Constituci\u00f3n de l.991, redactada por ind\u00edgenas, grupos de izquierda, guerrilleros desmovilizados, minor\u00edas religiosas y representantes de los poderes tradicionales, es reconocidamente democr\u00e1tica y bien recibida por la opini\u00f3n p\u00fablica, y con ella los colombianos creen haber abierto un nuevo ambiente institucional a la reconciliaci\u00f3n.<\/p>\n\t\t\t\t\t\t\t\t<\/div>\n\t\t\t\t<\/div>\n\t\t\t\t\t<\/div>\n\t\t<\/div>\n\t\t\t\t\t<\/div>\n\t\t<\/section>\n\t\t\t\t<\/div>\n\t\t","protected":false},"excerpt":{"rendered":"<p>Ante la necesidad de reformar la Constituci\u00f3n de 1886 un grupo de estudiantes universitarios realiz\u00f3 un plebiscito en 1990. Este fue aprobado y se dispuso la conformaci\u00f3n democr\u00e1tica de la&hellip; <\/p>\n","protected":false},"author":3,"featured_media":1021,"parent":0,"menu_order":0,"comment_status":"closed","ping_status":"closed","template":"","meta":{"footnotes":""},"class_list":["post-203","page","type-page","status-publish","has-post-thumbnail","hentry"],"yoast_head":"<!-- This site is optimized with the Yoast SEO plugin v27.3 - https:\/\/yoast.com\/product\/yoast-seo-wordpress\/ -->\n<title>Constituci\u00f3n Pol\u00edtica de 1991 - Revista Congreso Digital<\/title>\n<meta name=\"robots\" content=\"index, follow, max-snippet:-1, max-image-preview:large, max-video-preview:-1\" \/>\n<link rel=\"canonical\" href=\"https:\/\/revistacongresodigital.com\/?page_id=203\" \/>\n<meta property=\"og:locale\" content=\"es_ES\" \/>\n<meta property=\"og:type\" content=\"article\" \/>\n<meta property=\"og:title\" content=\"Constituci\u00f3n Pol\u00edtica de 1991 - Revista Congreso Digital\" \/>\n<meta property=\"og:description\" content=\"Ante la necesidad de reformar la Constituci\u00f3n de 1886 un grupo de estudiantes universitarios realiz\u00f3 un plebiscito en 1990. Este fue aprobado y se dispuso la conformaci\u00f3n democr\u00e1tica de la&hellip;\" \/>\n<meta property=\"og:url\" content=\"https:\/\/revistacongresodigital.com\/?page_id=203\" \/>\n<meta property=\"og:site_name\" content=\"Revista Congreso Digital\" \/>\n<meta property=\"article:modified_time\" content=\"2022-04-12T19:31:17+00:00\" \/>\n<meta property=\"og:image\" content=\"https:\/\/revistacongresodigital.com\/wp-content\/uploads\/2022\/04\/Constitucon_Politica_de_Colombia_1991-scaled.jpg\" \/>\n\t<meta property=\"og:image:width\" content=\"1920\" \/>\n\t<meta property=\"og:image:height\" content=\"2560\" \/>\n\t<meta property=\"og:image:type\" content=\"image\/jpeg\" \/>\n<meta name=\"twitter:card\" content=\"summary_large_image\" \/>\n<meta name=\"twitter:label1\" content=\"Tiempo de lectura\" \/>\n\t<meta name=\"twitter:data1\" content=\"2 minutos\" \/>\n<script type=\"application\/ld+json\" class=\"yoast-schema-graph\">{\"@context\":\"https:\\\/\\\/schema.org\",\"@graph\":[{\"@type\":\"WebPage\",\"@id\":\"https:\\\/\\\/revistacongresodigital.com\\\/?page_id=203\",\"url\":\"https:\\\/\\\/revistacongresodigital.com\\\/?page_id=203\",\"name\":\"Constituci\u00f3n Pol\u00edtica de 1991 - Revista Congreso Digital\",\"isPartOf\":{\"@id\":\"https:\\\/\\\/www.revistacongresodigital.com\\\/#website\"},\"primaryImageOfPage\":{\"@id\":\"https:\\\/\\\/revistacongresodigital.com\\\/?page_id=203#primaryimage\"},\"image\":{\"@id\":\"https:\\\/\\\/revistacongresodigital.com\\\/?page_id=203#primaryimage\"},\"thumbnailUrl\":\"https:\\\/\\\/revistacongresodigital.com\\\/wp-content\\\/uploads\\\/2022\\\/04\\\/Constitucon_Politica_de_Colombia_1991-scaled.jpg\",\"datePublished\":\"2022-02-24T16:05:08+00:00\",\"dateModified\":\"2022-04-12T19:31:17+00:00\",\"breadcrumb\":{\"@id\":\"https:\\\/\\\/revistacongresodigital.com\\\/?page_id=203#breadcrumb\"},\"inLanguage\":\"es\",\"potentialAction\":[{\"@type\":\"ReadAction\",\"target\":[\"https:\\\/\\\/revistacongresodigital.com\\\/?page_id=203\"]}]},{\"@type\":\"ImageObject\",\"inLanguage\":\"es\",\"@id\":\"https:\\\/\\\/revistacongresodigital.com\\\/?page_id=203#primaryimage\",\"url\":\"https:\\\/\\\/revistacongresodigital.com\\\/wp-content\\\/uploads\\\/2022\\\/04\\\/Constitucon_Politica_de_Colombia_1991-scaled.jpg\",\"contentUrl\":\"https:\\\/\\\/revistacongresodigital.com\\\/wp-content\\\/uploads\\\/2022\\\/04\\\/Constitucon_Politica_de_Colombia_1991-scaled.jpg\",\"width\":1920,\"height\":2560,\"caption\":\"Constituc\u00f3n_Pol\u00edtica_de_Colombia_1991\"},{\"@type\":\"BreadcrumbList\",\"@id\":\"https:\\\/\\\/revistacongresodigital.com\\\/?page_id=203#breadcrumb\",\"itemListElement\":[{\"@type\":\"ListItem\",\"position\":1,\"name\":\"Portada\",\"item\":\"https:\\\/\\\/www.revistacongresodigital.com\\\/\"},{\"@type\":\"ListItem\",\"position\":2,\"name\":\"Constituci\u00f3n Pol\u00edtica de 1991\"}]},{\"@type\":\"WebSite\",\"@id\":\"https:\\\/\\\/www.revistacongresodigital.com\\\/#website\",\"url\":\"https:\\\/\\\/www.revistacongresodigital.com\\\/\",\"name\":\"Revista Congreso Digital\",\"description\":\"Revista Congreso Digital\",\"publisher\":{\"@id\":\"https:\\\/\\\/www.revistacongresodigital.com\\\/#organization\"},\"potentialAction\":[{\"@type\":\"SearchAction\",\"target\":{\"@type\":\"EntryPoint\",\"urlTemplate\":\"https:\\\/\\\/www.revistacongresodigital.com\\\/?s={search_term_string}\"},\"query-input\":{\"@type\":\"PropertyValueSpecification\",\"valueRequired\":true,\"valueName\":\"search_term_string\"}}],\"inLanguage\":\"es\"},{\"@type\":\"Organization\",\"@id\":\"https:\\\/\\\/www.revistacongresodigital.com\\\/#organization\",\"name\":\"Revista Congreso Digital\",\"url\":\"https:\\\/\\\/www.revistacongresodigital.com\\\/\",\"logo\":{\"@type\":\"ImageObject\",\"inLanguage\":\"es\",\"@id\":\"https:\\\/\\\/www.revistacongresodigital.com\\\/#\\\/schema\\\/logo\\\/image\\\/\",\"url\":\"https:\\\/\\\/revistacongresodigital.com\\\/wp-content\\\/uploads\\\/2022\\\/03\\\/cropped-FIRMA-JP-e1648679804884.png\",\"contentUrl\":\"https:\\\/\\\/revistacongresodigital.com\\\/wp-content\\\/uploads\\\/2022\\\/03\\\/cropped-FIRMA-JP-e1648679804884.png\",\"width\":512,\"height\":512,\"caption\":\"Revista Congreso Digital\"},\"image\":{\"@id\":\"https:\\\/\\\/www.revistacongresodigital.com\\\/#\\\/schema\\\/logo\\\/image\\\/\"}}]}<\/script>\n<!-- \/ Yoast SEO plugin. -->","yoast_head_json":{"title":"Constituci\u00f3n Pol\u00edtica de 1991 - Revista Congreso Digital","robots":{"index":"index","follow":"follow","max-snippet":"max-snippet:-1","max-image-preview":"max-image-preview:large","max-video-preview":"max-video-preview:-1"},"canonical":"https:\/\/revistacongresodigital.com\/?page_id=203","og_locale":"es_ES","og_type":"article","og_title":"Constituci\u00f3n Pol\u00edtica de 1991 - Revista Congreso Digital","og_description":"Ante la necesidad de reformar la Constituci\u00f3n de 1886 un grupo de estudiantes universitarios realiz\u00f3 un plebiscito en 1990. Este fue aprobado y se dispuso la conformaci\u00f3n democr\u00e1tica de la&hellip;","og_url":"https:\/\/revistacongresodigital.com\/?page_id=203","og_site_name":"Revista Congreso Digital","article_modified_time":"2022-04-12T19:31:17+00:00","og_image":[{"width":1920,"height":2560,"url":"https:\/\/revistacongresodigital.com\/wp-content\/uploads\/2022\/04\/Constitucon_Politica_de_Colombia_1991-scaled.jpg","type":"image\/jpeg"}],"twitter_card":"summary_large_image","twitter_misc":{"Tiempo de lectura":"2 minutos"},"schema":{"@context":"https:\/\/schema.org","@graph":[{"@type":"WebPage","@id":"https:\/\/revistacongresodigital.com\/?page_id=203","url":"https:\/\/revistacongresodigital.com\/?page_id=203","name":"Constituci\u00f3n Pol\u00edtica de 1991 - Revista Congreso Digital","isPartOf":{"@id":"https:\/\/www.revistacongresodigital.com\/#website"},"primaryImageOfPage":{"@id":"https:\/\/revistacongresodigital.com\/?page_id=203#primaryimage"},"image":{"@id":"https:\/\/revistacongresodigital.com\/?page_id=203#primaryimage"},"thumbnailUrl":"https:\/\/revistacongresodigital.com\/wp-content\/uploads\/2022\/04\/Constitucon_Politica_de_Colombia_1991-scaled.jpg","datePublished":"2022-02-24T16:05:08+00:00","dateModified":"2022-04-12T19:31:17+00:00","breadcrumb":{"@id":"https:\/\/revistacongresodigital.com\/?page_id=203#breadcrumb"},"inLanguage":"es","potentialAction":[{"@type":"ReadAction","target":["https:\/\/revistacongresodigital.com\/?page_id=203"]}]},{"@type":"ImageObject","inLanguage":"es","@id":"https:\/\/revistacongresodigital.com\/?page_id=203#primaryimage","url":"https:\/\/revistacongresodigital.com\/wp-content\/uploads\/2022\/04\/Constitucon_Politica_de_Colombia_1991-scaled.jpg","contentUrl":"https:\/\/revistacongresodigital.com\/wp-content\/uploads\/2022\/04\/Constitucon_Politica_de_Colombia_1991-scaled.jpg","width":1920,"height":2560,"caption":"Constituc\u00f3n_Pol\u00edtica_de_Colombia_1991"},{"@type":"BreadcrumbList","@id":"https:\/\/revistacongresodigital.com\/?page_id=203#breadcrumb","itemListElement":[{"@type":"ListItem","position":1,"name":"Portada","item":"https:\/\/www.revistacongresodigital.com\/"},{"@type":"ListItem","position":2,"name":"Constituci\u00f3n Pol\u00edtica de 1991"}]},{"@type":"WebSite","@id":"https:\/\/www.revistacongresodigital.com\/#website","url":"https:\/\/www.revistacongresodigital.com\/","name":"Revista Congreso Digital","description":"Revista Congreso Digital","publisher":{"@id":"https:\/\/www.revistacongresodigital.com\/#organization"},"potentialAction":[{"@type":"SearchAction","target":{"@type":"EntryPoint","urlTemplate":"https:\/\/www.revistacongresodigital.com\/?s={search_term_string}"},"query-input":{"@type":"PropertyValueSpecification","valueRequired":true,"valueName":"search_term_string"}}],"inLanguage":"es"},{"@type":"Organization","@id":"https:\/\/www.revistacongresodigital.com\/#organization","name":"Revista Congreso Digital","url":"https:\/\/www.revistacongresodigital.com\/","logo":{"@type":"ImageObject","inLanguage":"es","@id":"https:\/\/www.revistacongresodigital.com\/#\/schema\/logo\/image\/","url":"https:\/\/revistacongresodigital.com\/wp-content\/uploads\/2022\/03\/cropped-FIRMA-JP-e1648679804884.png","contentUrl":"https:\/\/revistacongresodigital.com\/wp-content\/uploads\/2022\/03\/cropped-FIRMA-JP-e1648679804884.png","width":512,"height":512,"caption":"Revista Congreso Digital"},"image":{"@id":"https:\/\/www.revistacongresodigital.com\/#\/schema\/logo\/image\/"}}]}},"_links":{"self":[{"href":"https:\/\/revistacongresodigital.com\/index.php?rest_route=\/wp\/v2\/pages\/203","targetHints":{"allow":["GET"]}}],"collection":[{"href":"https:\/\/revistacongresodigital.com\/index.php?rest_route=\/wp\/v2\/pages"}],"about":[{"href":"https:\/\/revistacongresodigital.com\/index.php?rest_route=\/wp\/v2\/types\/page"}],"author":[{"embeddable":true,"href":"https:\/\/revistacongresodigital.com\/index.php?rest_route=\/wp\/v2\/users\/3"}],"replies":[{"embeddable":true,"href":"https:\/\/revistacongresodigital.com\/index.php?rest_route=%2Fwp%2Fv2%2Fcomments&post=203"}],"version-history":[{"count":4,"href":"https:\/\/revistacongresodigital.com\/index.php?rest_route=\/wp\/v2\/pages\/203\/revisions"}],"predecessor-version":[{"id":1555,"href":"https:\/\/revistacongresodigital.com\/index.php?rest_route=\/wp\/v2\/pages\/203\/revisions\/1555"}],"wp:featuredmedia":[{"embeddable":true,"href":"https:\/\/revistacongresodigital.com\/index.php?rest_route=\/wp\/v2\/media\/1021"}],"wp:attachment":[{"href":"https:\/\/revistacongresodigital.com\/index.php?rest_route=%2Fwp%2Fv2%2Fmedia&parent=203"}],"curies":[{"name":"wp","href":"https:\/\/api.w.org\/{rel}","templated":true}]}}

Constitución Política de 1991

<div data-elementor-type="wp-page" data-elementor-id="203" class="elementor elementor-203">
						<section class="elementor-section elementor-top-section elementor-element elementor-element-2c500d2e elementor-section-boxed elementor-section-height-default elementor-section-height-default" data-id="2c500d2e" data-element_type="section" data-e-type="section">
						<div class="elementor-container elementor-column-gap-default">
					<div class="elementor-column elementor-col-100 elementor-top-column elementor-element elementor-element-dcc590e" data-id="dcc590e" data-element_type="column" data-e-type="column">
			<div class="elementor-widget-wrap elementor-element-populated">
						<div class="elementor-element elementor-element-28013bd9 elementor-widget elementor-widget-text-editor" data-id="28013bd9" data-element_type="widget" data-e-type="widget" data-widget_type="text-editor.default">
				<div class="elementor-widget-container">
									
<p>Ante la necesidad de reformar la Constitución de 1886 un grupo de estudiantes universitarios realizó un plebiscito en 1990. Este fue aprobado y se dispuso la conformación democrática de la Asamblea Constituyente, integrada por diferentes fuerzas (estudiantes, indígenas, guerrilleros reinsertados, liberales, conservadores, etc.).</p>



<p>De la Asamblea Constituyente surge la Constitución Política de Colombia 1991 en la cual la participación ciudadana, el respeto por los derechos fundamentales y la consolidación de la tradición democrática de Colombia ganaron espacios.</p>



<p>Dentro de un inocultable progreso material y con una economía más saludable que la de sus vecinos, a pesar del paramilitarismo y la guerrilla, en los últimos años Colombia se muestra como un país notablemente integrado, diversificado e inteligente en el manejo de sus recursos, con admirable capacidad para lograr sutiles equilibrios en las más difíciles crisis, pero todavía distante de resolverlas. Hoy en día prosiguen enfrentamientos entre militares, paramilitares y guerrillas en ciertas regiones, sin demasiado riesgo a la población civil de las ciudades, pero es innegable que esto genera desplazados y muertos entre la población civil del campo. También se adelanta una lucha patética contra los productores y exportadores de droga, en la que han muerto centenares de jueces, varios ministros, varios candidatos presidenciales y millares de civiles y policías.</p>



<p>Los últimos gobiernos han reconocido la necesidad de apertura a la participación política de los grupos disidentes, y la han intentado con éxito parcial. La nueva Constitución de l.991, redactada por indígenas, grupos de izquierda, guerrilleros desmovilizados, minorías religiosas y representantes de los poderes tradicionales, es reconocidamente democrática y bien recibida por la opinión pública, y con ella los colombianos creen haber abierto un nuevo ambiente institucional a la reconciliación.</p>
								</div>
				</div>
					</div>
		</div>
					</div>
		</section>
				</div>

<p>Ante la necesidad de reformar la Constitución de 1886 un grupo de estudiantes universitarios realizó un plebiscito en 1990. Este fue aprobado y se dispuso la conformación democrática de la&hellip; </p>

<!-- This site is optimized with the Yoast SEO plugin v27.3 - https://yoast.com/product/yoast-seo-wordpress/ -->
<title>Constitución Política de 1991 - Revista Congreso Digital</title>
<meta name="robots" content="index, follow, max-snippet:-1, max-image-preview:large, max-video-preview:-1" />
<link rel="canonical" href="https://revistacongresodigital.com/?page_id=203" />
<meta property="og:locale" content="es_ES" />
<meta property="og:type" content="article" />
<meta property="og:title" content="Constitución Política de 1991 - Revista Congreso Digital" />
<meta property="og:description" content="Ante la necesidad de reformar la Constitución de 1886 un grupo de estudiantes universitarios realizó un plebiscito en 1990. Este fue aprobado y se dispuso la conformación democrática de la&hellip;" />
<meta property="og:url" content="https://revistacongresodigital.com/?page_id=203" />
<meta property="og:site_name" content="Revista Congreso Digital" />
<meta property="article:modified_time" content="2022-04-12T19:31:17+00:00" />
<meta property="og:image" content="https://revistacongresodigital.com/wp-content/uploads/2022/04/Constitucon_Politica_de_Colombia_1991-scaled.jpg" />
	<meta property="og:image:width" content="1920" />
	<meta property="og:image:height" content="2560" />
	<meta property="og:image:type" content="image/jpeg" />
<meta name="twitter:card" content="summary_large_image" />
<meta name="twitter:label1" content="Tiempo de lectura" />
	<meta name="twitter:data1" content="2 minutos" />
<script type="application/ld+json" class="yoast-schema-graph">{"@context":"https:\/\/schema.org","@graph":[{"@type":"WebPage","@id":"https:\/\/revistacongresodigital.com\/?page_id=203","url":"https:\/\/revistacongresodigital.com\/?page_id=203","name":"Constitución Política de 1991 - Revista Congreso Digital","isPartOf":{"@id":"https:\/\/www.revistacongresodigital.com\/#website"},"primaryImageOfPage":{"@id":"https:\/\/revistacongresodigital.com\/?page_id=203#primaryimage"},"image":{"@id":"https:\/\/revistacongresodigital.com\/?page_id=203#primaryimage"},"thumbnailUrl":"https:\/\/revistacongresodigital.com\/wp-content\/uploads\/2022\/04\/Constitucon_Politica_de_Colombia_1991-scaled.jpg","datePublished":"2022-02-24T16:05:08+00:00","dateModified":"2022-04-12T19:31:17+00:00","breadcrumb":{"@id":"https:\/\/revistacongresodigital.com\/?page_id=203#breadcrumb"},"inLanguage":"es","potentialAction":[{"@type":"ReadAction","target":["https:\/\/revistacongresodigital.com\/?page_id=203"]}]},{"@type":"ImageObject","inLanguage":"es","@id":"https:\/\/revistacongresodigital.com\/?page_id=203#primaryimage","url":"https:\/\/revistacongresodigital.com\/wp-content\/uploads\/2022\/04\/Constitucon_Politica_de_Colombia_1991-scaled.jpg","contentUrl":"https:\/\/revistacongresodigital.com\/wp-content\/uploads\/2022\/04\/Constitucon_Politica_de_Colombia_1991-scaled.jpg","width":1920,"height":2560,"caption":"Constitucón_Política_de_Colombia_1991"},{"@type":"BreadcrumbList","@id":"https:\/\/revistacongresodigital.com\/?page_id=203#breadcrumb","itemListElement":[{"@type":"ListItem","position":1,"name":"Portada","item":"https:\/\/www.revistacongresodigital.com\/"},{"@type":"ListItem","position":2,"name":"Constitución Política de 1991"}]},{"@type":"WebSite","@id":"https:\/\/www.revistacongresodigital.com\/#website","url":"https:\/\/www.revistacongresodigital.com\/","name":"Revista Congreso Digital","description":"Revista Congreso Digital","publisher":{"@id":"https:\/\/www.revistacongresodigital.com\/#organization"},"potentialAction":[{"@type":"SearchAction","target":{"@type":"EntryPoint","urlTemplate":"https:\/\/www.revistacongresodigital.com\/?s={search_term_string}"},"query-input":{"@type":"PropertyValueSpecification","valueRequired":true,"valueName":"search_term_string"}}],"inLanguage":"es"},{"@type":"Organization","@id":"https:\/\/www.revistacongresodigital.com\/#organization","name":"Revista Congreso Digital","url":"https:\/\/www.revistacongresodigital.com\/","logo":{"@type":"ImageObject","inLanguage":"es","@id":"https:\/\/www.revistacongresodigital.com\/#\/schema\/logo\/image\/","url":"https:\/\/revistacongresodigital.com\/wp-content\/uploads\/2022\/03\/cropped-FIRMA-JP-e1648679804884.png","contentUrl":"https:\/\/revistacongresodigital.com\/wp-content\/uploads\/2022\/03\/cropped-FIRMA-JP-e1648679804884.png","width":512,"height":512,"caption":"Revista Congreso Digital"},"image":{"@id":"https:\/\/www.revistacongresodigital.com\/#\/schema\/logo\/image\/"}}]}</script>
<!-- / Yoast SEO plugin. -->

Constitución Política de 1991 - Revista Congreso Digital

Ante la necesidad de reformar la Constitución de 1886 un grupo de estudiantes universitarios realizó un plebiscito en 1990. Este fue aprobado y se dispuso la conformación democrática de la&hellip;

Constitucón_Política_de_Colombia_1991
